digit of p?
0
Suppose 60*b + 702398 = 166*b - 44*b. What is the tens digit of b?
2
Suppose 5*q + 2*i + 48 = -67, q + 3*i + 10 = 0. Let b(u) = u**2 + 54*u + 705. Let r be b(-13). Let f = r - q. What is the units digit of f?
7
Suppose 4*b = -2*p + 13492, -6*b + 8*b = 4*p - 26984. What is the tens digit of p?
4
Let q be (4594*1)/((10 + -21)/(-11)). Suppose 2*t + q = 4*y, 11*y = 8*y + 5*t + 3435. What is the thousands digit of y?
1
Let z(u) = -5*u**3 - 7*u**2 + 11*u - 475. Let w(k) = -6*k**3 - 8*k**2 + 13*k - 475. Let q(m) = 6*w(m) - 7*z(m). What is the tens digit of q(0)?
7
Suppose 0 = -112*f + 366535 + 62425. What is the tens digit of f?
3
Let z(n) = -n**3 + 4*n**2 + 8*n - 8. Suppose -8 = -2*p - 0. Suppose y - p = 1. What is the units digit of z(y)?
7
What is the tens digit of (-529943)/(-23) - (-16 - 1)?
5
Let o(w) = w**3 + 7*w**2 - 27*w - 26. What is the thousands digit of o(26)?
1
Let j(p) be the second derivative of -15*p**5/4 + p**4/6 - p**2/2 + 14*p. Let b be j(1). Let c = 160 + b. What is the units digit of c?
6
Suppose 2*o = 3*d - 162571, 0 = -45*d + 46*d - 5*o - 54186. What is the tens digit of d?
9
Let y(u) be the first derivative of -37*u**2 + 82*u - 32. What is the tens digit of y(-10)?
2
Suppose -609*o - 64207 = -622*o. What is the tens digit of o?
3
Suppose 4*j - 5*m = 3, j - 5 = -3*j + 3*m. Let h be (-4)/(-10) + (-222)/90*-12. Let z = h - j. What is the units digit of z?
8
Let i = 95 - -730. Suppose 20*d - 15*d = -i. Let m = d - -277. What is the tens digit of m?
1
Let c(o) = 7158*o**2 + 899*o - 1802. What is the hundreds digit of c(2)?
6
Let k(x) = 2*x + 10. Let f be k(11). Let t be 6/f*-4 - (-75)/4. What is the units digit of (-293)/(-2) - t/36?
6
Suppose -83*u = -84*u + 8. Suppose -754 = -3*z + u. What is the hundreds digit of z?
2
What is the tens digit of (-3106197)/(-6)*20/240 + 9/24?
4
Suppose 0 = -2*g - 3 + 17. Suppose 9*q = g*q - 3*n + 597, 2*q + 5*n = 591. What is the hundreds digit of q?
3
Let k(b) = -2*b**2 + 13*b - 14. Let q be k(6). Let x(g) = -4*g**3 - 11*g**2 - 9*g + 16. Let o be x(q). Suppose -3*d + o = 5*d. What is the tens digit of d?
7
Let p be 2 - ((-3 - -7)/(2 - -2) - 65). Suppose u + u = 6. Let h = p + u. What is the units digit of h?
9
Suppose -3*z + 14*w + 31362 = 11*w, 10 = -2*w. What is the ten thousands digit of z?
1
Suppose 2*y + 2*p + 1024 = 0, p + 763 + 781 = -3*y. What is the hundreds digit of (((-70)/(-20))/7)/((-2)/y)?
1
Suppose -2*s + 174 = q - 0*s, -s + 169 = q. Let o = 762 - q. What is the hundreds digit of o?
5
Suppose -6586*s + 167058 = -6580*s. What is the tens digit of s?
4
Suppose 6*h = 11*h - 4460. Let q = h + -246. What is the tens digit of q?
4
Suppose 78 = 2*w - 4*k, w - 4*k - 51 = k. Let j = w + -29. What is the tens digit of 20/(-6)*j/((-8)/30)?
2
Suppose 0 = 3*q - 12, 0 = 5*a + 4*q - 5*q - 1. Let v(s) = 4*s + a + 7*s**2 - 4 + 3 + 8. What is the hundreds digit of v(-4)?
1
Suppose 5*g - 63277 = -3*p, 305*g - 304*g + 4*p = 12652. What is the ten thousands digit of g?
1
Let k = -69 + 72. Suppose p - 1152 = -4*w + 1206, 2*p + k*w = 4721. Suppose -14*a + 340 = -p. What is the tens digit of a?
9
Let s(z) = 42*z - 3. Let l be s(2). Let q = l - -83. What is the tens digit of q?
6
Suppose 2*g + 2343 = 3*z, 0 = 2*g - 0*g + 12. What is the hundreds digit of z?
7
Suppose y - 3*d - 9929 = 0, 4*d + 19844 = -249*y + 251*y. What is the hundreds digit of y?
9
Suppose -5*n + 86 = -299. Suppose n = -2*g + q, -g - 50 = 3*q - 15. Let t = 82 + g. What is the tens digit of t?
4
Suppose 13 = 7*c - 22. Suppose 4*z + 3*x - 20 = 0, 3*z + c*x = x + 15. Suppose -z*a + o + 67 = -301, 3*o - 210 = -3*a. What is the tens digit of a?
7
What is the hundreds digit of 4076/3*(-75)/(-50)?
0
Let y be (61 - 0)/(2/(1 - 3)). Let p = y + 63. What is the units digit of p?
2
Suppose 8 = 15*p - 37. Suppose -533 = -o - a, -4*a + 642 = p*o - 953. What is the tens digit of o?
3
Suppose 3*y = b - 17, 53*y + 4*b - 28 = 57*y. Let r(t) = -230*t + 175. What is the units digit of r(y)?
5
Let o be (-3 - (-35)/10)*0. Suppose 3*t - z - 810 = o, -22*t + 2*z + 275 = -21*t. What is the tens digit of t?
6
What is the units digit of (-13)/((18 - 27)/2574)?
8
Let w(s) = -s**2 - 25*s + 39. Let v be w(-26). Suppose 0 = -v*f - f + 2016. What is the hundreds digit of f?
1
Let v = 34209 - 17052. What is the hundreds digit of v?
1
Suppose -17*w - 33482 = 6*w - 153105. What is the thousands digit of w?
5
Suppose -4*p - 5*c = -28888, 0 = 3*p - 7*p + c + 28864. What is the tens digit of p?
1
Suppose -111*n = -113*n - 4*h + 17020, -2*n = h - 17014. What is the units digit of n?
6
Let g be -185 + 3 + (13 - 6). What is the hundreds digit of (-420)/g*(-855)/(-2)?
0
Let d(w) = 49*w + 417. What is the tens digit of d(3)?
6
Suppose 75*m + 4*s = 74*m + 1717, 4*s - 8 = 0. What is the hundreds digit of m?
7
Let v(g) = g**3 - 18*g**2 - 18*g - 11. Let m be v(19). Suppose 0 = -m*y + 5*y + 99. Let k = 89 - y. What is the tens digit of k?
5
Suppose -22*j + 18*j - 96 = 0. Let l(h) = -h**3 - 22*h**2 + 48*h - 11. Let x be l(j). What is the tens digit of (x/(-4) + 0)/((-2)/(-112))?
5
Suppose 2*l + 2*q + 61436 = 4*l, -2*l - 5*q + 61380 = 0. What is the hundreds digit of l?
7
Suppose 9930*f = 9946*f - 294704. What is the thousands digit of f?
8
Suppose -6*j + 7 = -11. Suppose -4*r + 3*v - 6*v + 12 = 0, -4*v + 16 = j*r. Suppose -3*b + r*b + a + 183 = 0, -a = 0. What is the units digit of b?
1
Suppose -4*k = 5*i - 155969, -2251*k - 93549 = -3*i - 2248*k. What is the hundreds digit of i?
1
Let d = 9 - -85. Suppose f = 3*x + d, f - 5*x - 33 - 65 = 0. Suppose u = t - 2*u - f, 4*u = -4*t + 304. What is the tens digit of t?
7
Suppose 5*r = 2*y - 11, 11 = 4*y - 5*r - 6. Suppose -5*n + 5*o + 886 = -y*n, -898 = -2*n - o. What is the units digit of n?
8
Suppose f - 75253 = y, -2*f + 150457 = -75*y + 80*y. What is the thousands digit of f?
5
Let v = 1428 + -793. Let p = -302 + v. What is the units digit of p?
3
Suppose 2*a + 1061 = -3*k, a + a + 710 = -2*k. Let y = -38 - k. What is the units digit of y?
3
Let q be (1502*3/(-24))/((-3)/12). Suppose -m = 3*v - q, 2*v + 976 = 6*v - 5*m. What is the hundreds digit of v?
2
Suppose -12*s + 8760 = 8*s. Suppose 1638 = 4*l + s. What is the tens digit of l?
0
Suppose 4*v + m + 1983 = 6*v, -3*m = 2*v - 1979. Suppose 6*a - v = -j + 4*a, j - 1021 = 4*a. What is the tens digit of j?
0
Let t = 987 - 283. What is the units digit of (-15)/30*2*2 + t?
2
Suppose -2*s = 2*t - 96338 - 25348, 0 = -t + 8. What is the thousands digit of s?
0
Suppose 0 = 3*r + 4*m - 5188, 3492 = 2*r - 0*r - 4*m. Let f be 7155/20 + (-90)/(-40). Suppose f + r = 8*y. What is the hundreds digit of y?
2
Suppose 0 = 3*x + 12, -q + 0*x = -x - 80. Suppose -37*s + 41*s + q = 0. Let m = -14 - s. What is the units digit of m?
5
Suppose 2*t = 3*o + 7, 5*t = 3*o - 0*o + 13. Suppose 0 = -f - 5*a + 10, t*f = -3*a - 0*a - 8. What is the tens digit of (-16)/f*(-1305)/(-18) - -4?
2
Suppose 0 = -5*l + 20, 0*o + 5*l = o + 32. What is the tens digit of 133 + ((-35)/(-21))/(4/o)?
2
Suppose 0 = -3*y - 16 + 10, -3*y + 314 = p. Suppose -23*h - p + 13361 = 0. What is the tens digit of h?
6
Let l = 12840 + -6673. What is the tens digit of l?
6
Suppose 15 = 6*k - 3. Suppose -f = k*i - 14, -f - 3*i - 8 = -2*f. Suppose 168 = -8*a + f*a. What is the units digit of a?
6
Let j = -103946 + 157950. What is the tens digit of j?
0
Let c be 0/((-32)/(-4)) + (-17)/1. Let r be -3 - (0 - -13*5). Let o = c - r. What is the units digit of o?
1
Let p(r) = -r**3 + 12*r**2 - 12*r + 11. Let t be p(11). Let z(v) = 2*v + 15. Let c be z(-6). Suppose c*d = -t*d + 237. What is the units digit of d?
9
Let d be 14/(-7) + 3*2. Suppose -d*b + 143 + 209 = 0. Suppose 18 + b = 2*y. What is the units digit of y?
3
Let p(b) = -3*b + 54. Let s be p(17). Suppose 0 = -5*g + 3*y + 1230, -g + 0*g - s*y + 228 = 0. What is the hundreds digit of g?
2
Let h(n) = 21*n**2 + 6*n - 90. Let m be h(-12). Suppose -12*i + m = -3138. What is the hundreds digit of i?
5
Let w be (2 + -1)/(8 + (-165)/21). Let b = w + 537. Suppose -4*j + 3*t + 913 = j, 2*t = -3*j + b. What is the tens digit of j?
8
Let a = -136 - -125. What is the tens digit of (-1)/(((-33)/(-708))/a)?
3
Let l(v) = -9*v - 16. Let c = -44 + 44. Suppose -5*b - 9 = 4*i, 5*i = -c*b - 4*b. Wha